000111101010000
In base 11, what is -238 - -12?
-226
In base 7, what is 500 + 1351?
2151
In base 5, what is 3 - 321303?
-321300
In base 14, what is -1b7 + -4?
-1bb
In base 16, what is -1e + 3550?
3532
In base 6, what is -1 + 111301?
111300
In base 5, what is -44430 + 22?
-44403
In base 7, what is 16064056 - 5?
16064051
In base 9, what is -21048 + -13?
-21062
In base 5, what is 0 - -1042202?
1042202
In base 9, what is -5 - 1757?
-1763
In base 13, what is -83 + -846?
-8c9
In base 15, what is 8b + 34dc?
3578
In base 13, what is 386c4 - 15?
386ac
In base 16, what is b - 1391?
-1386
In base 2, what is 11101 + 1110111100?
1111011001
In base 7, what is 10 + 200302?
200312
In base 12, what is 209 - -500?
709
In base 3, what is 1100 + 121002000?
121010100
In base 2, what is -11011011100 - 0?
-11011011100
In base 4, what is -121223 - -212?
-121011
In base 9, what is 8174 + -1?
8173
In base 12, what is 6ba10b + 1?
6ba110
In base 8, what is 17541 + -21?
17520
In base 11, what is -2094 + 13?
-2081
In base 9, what is 501 + 166?
667
In base 11, what is -19 - 1a698?
-1a706
In base 7, what is 5 - 462511?
-462503
In base 12, what is -bab5a + 8?
-bab52
In base 6, what is 2150 + -1115?
1031
In base 8, what is -541 - 36?
-577
In base 3, what is 2010 - 110020012?
-110011002
In base 7, what is 12251645 - -3?
12251651
In base 13, what is -1 + -80c?
-810
In base 14, what is 158a + -2?
1588
In base 13, what is 15 + -53?
-3b
In base 10, what is 2 - 56151?
-56149
In base 2, what is 1100011011101 + -10001011?
1100001010010
In base 10, what is 29033 + -3?
29030
In base 8, what is -1201 + 661?
-320
In base 6, what is -12234 + -24131?
-40405
In base 14, what is 64507 - 3?
64504
In base 8, what is -124024 + 15?
-124007
In base 4, what is 0 + -31101321?
-31101321
In base 14, what is -160d94 - 2?
-160d96
In base 13, what is -5 - 32b2?
-32b7
In base 13, what is 65c1 - 3?
65bb
In base 6, what is -41 + -33120?
-33201
In base 16, what is -1a11 - -2fa?
-1717
In base 3, what is 220121001 + 1?
220121002
In base 11, what is 0 + 839108?
839108
In base 9, what is 22584 - -6?
22601
In base 6, what is -14532 + 2314?
-12214
In base 9, what is -1567 + -15?
-1583
In base 9, what is 13 + 3577?
3601
In base 3, what is -10102 - 10112011?
-10122120
In base 2, what is 11111101000 - -1111000000?
101110101000
In base 6, what is -2 - -25303231?
25303225
In base 11, what is -4 - 354a1?
-354a5
In base 3, what is -112121111020 + -1?
-112121111021
In base 10, what is 3 + -80222?
-80219
In base 2, what is 110010000 + -111010100011?
-110100010011
In base 16, what is -313b6 + -3?
-313b9
In base 7, what is 102050 - 30?
102020
In base 14, what is -d3a + -1?
-d3b
In base 7, what is 321 - -241?
562
In base 15, what is -3 - -79ba9?
79ba6
In base 6, what is -10 - -40120?
40110
In base 9, what is 4542 - 11?
4531
In base 12, what is 4 - -55a8aa?
55a8b2
In base 2, what is -10000 + -1000100101001010?
-1000100101011010
In base 13, what is 1ba + -443?
-256
In base 7, what is 4 + -152534?
-152530
In base 4, what is -303011301 + 0?
-303011301
In base 14, what is -d5 + 79?
-5a
In base 4, what is -2120 - 112101?
-120221
In base 13, what is -bb9 - -19?
-ba0
In base 12, what is a - -8789?
8797
In base 5, what is 21412 - 3310?
13102
In base 6, what is -5 + -103030?
-103035
In base 4, what is 103 - -2331302?
2332011
In base 2, what is -1111011100100110 + -11?
-1111011100101001
In base 4, what is -113333321 + 1?
-113333320
In base 10, what is 1010196 + -3?
1010193
In base 14, what is 3 + 10a3?
10a6
In base 13, what is 3b + -18c80?
-18c42
In base 6, what is -445043 + -224?
-445311
In base 15, what is 659d - 0?
659d
In base 13, what is 1bb1 - 249?
1965
In base 3, what is 2210110 + 22211?
10010021
In base 4, what is -10321222 - 23?
-10321311
In base 9, what is 3 - -153550?
153553
In base 14, what is 4 + 1b89d?
1b8a3
In base 11, what is 9003 - 10?
8aa3
In base 13, what is 1 + 1bc64?
1bc65
In base 15, what is 9e86 + 3?
9e89
In base 9, what is 22104 - -38?
22143
In base 13, what is 429 - 93a?
-511
In base 11, what is -29a1a2 - 6?
-29a1a8
In base 2, what is 1001011100101 - 110010?
1001010110011
In base 9, what is -1816 + 281?
-1525
In base 5, what is -33101 - 1442?
-40043
In base 10, what is 0 + 27394?
27394
In base 12, what is 36173 - -16?
36189
In base 15, what is 10d + -18e0?
-17d2
In base 7, what is 16626 + 0?
16626
In base 4, what is 23023131 - 0?
23023131
In base 12, what is -24858 - -67?
-247b1
In base 9, what is 157706 - 37?
157658
In base 15, what is -3 + -6b34?
-6b37
In base 9, what is -1332 + 1400?
57
In base 5, what is -2131411 + 12?
-2131344
In base 15, what is 16 - b894?
-b87d
In base 3, what is -12211 - 11001100?
-11021011
In base 6, what is -1023 + 10342?
5315
In base 16, what is c580 - -14?
c594
In base 10, what is 11919 + -28?
11891
In base 10, what is 143289 + 3?
143292
In base 5, what is 1302 + 30311?
32113
In base 14, what is -5 + -1971?
-1976
In base 13, what is -89a12 - -5?
-89a0a
In base 16, what is -331e - 5?
-3323
In base 10, what is -3 + -31535?
-31538
In base 16, what is -fd8fb - 5?
-fd900
In base 11, what is 362 + -126?
237
In base 13, what is b + -26b1?
-26a3
In base 16, what is 5 - -7af9?
7afe
In base 8, what is -5 + -63266?
-63273
In base 10, what is 5 + -9250?
-9245
In base 2, what is -1101011 - 101?
-1110000
In base 9, what is -2040386 - 4?
-2040401
In base 9, what is 238 - 6764?
-6525
In base 6, what is -1 - 253435?
-253440
In base 9, what is -3747 - 1231?
-5078
In base 12, what is 2 + -21693?
-21691
In base 14, what is 2 + -47bb?
-47b9
In base 11, what is -1660 - -1342?
-319
In base 15, what is -3200 - 0?
-3200
In base 14, what is 1b062 - -2d?
1b091
In base 6, what is -4 - 22231?
-22235
In base 6, what is -15345325 - 1?
-15345330
In base 4, what is 20213033 + -1?
20213032
In base 9, what is 71 + -757?
-676
In base 12, what is -4541a4 + 5?
-45419b
In base 2, what is -111100 - 11000111001111001?
-11000111010110101
In base 8, what is 331 + 11671?
12222
In base 12, what is -320 - -b80?
860
In base 14, what is 22 - -23d72?
23d94
In base 11, what is 639 + -77?
572
In base 13, what is c + -c943c?
-c9430
In base 9, what is -54547 - -3?
-54544
In base 9, what is 312847 - 36?
312811
In base 9, what is -440 + -261?
-711
In base 12, what is 343 + 101?
444
In base 6, what is -10035 + -220?
-10255
In base 4, what is 11221 - 123030?
-111203
In base 4, what is -3102 - 10330?
-20032
In base 16, what is -166 - -8c?
-da
In base 11, what is -3 - -53772?
5376a
In base 10, what is -72 - 5427?
-5499
In base 16, what is 8 + -47a6?
-479e
In base 9, what is 64 + 10577?
10652
In base 8, what is 1 + 20067?
20070
In base 7, what is 35 + 12500?
12535
In base 12, what is 15 + -62270?
-62257
In base 12, what is -a + 6248a?
62480
In base 6, what is 2 + 103244?
103250
In base 4, what is -3 - -331122?
331113
In base 9, what is 1 + 17675?
17676
In base 9, what is -224754 + 4?
-224750
In base 11, what is -762 + 9?
-754
In base 2, what is 101101010110101 - 1010?
101101010101011
In base 6, what is 2434 - -420?
3254
In base 12, what is 376 - 160?
216
In base 4, what is -20 + -23003122?
-23003202
In base 7, what is 3043 + -10?
3033
In base 12, what is -91 - b43?
-1014
In base 12, what is -14879a + 4?
-148796
In base 15, what is -bc6 + 361?
-865
In base 15, what is dd5 + -e?
dc6
In base 4, what is 1 - 30201100?
-30201033
In base 5, what is 2 - 24033?
-24031
In base 11, what is -3087 - 3?
-308a
In base 8, what is -1 + -706636?
-706637
In base 14, what is -21da - 2?
-21dc
In base 2, what is -10010010010100010011 - 1?
-10010010010100010100
In base 11, what is 27 - 596?
-56a
In base 15, what is 26 - 5b13?
-5adc
In base 2, what is 111 + 11000001111?
11000010110
In base 4, what is 1013010 + -1003?
1012001
In base 3, what is -102202 + 111202?
2000
In base 2, what is 111111011 + 110101111?
1110101010
In base 14, what is 822d + -4?
8229
In base 16, what is 7b908a - -5?
7b908f
In base 7, what is 1300 - 1021?
246
In base 9, what is -5106805 - -3?
-5106802
In base 15, what is -11c4b - 0?
-11c4b
In base 10, what is 107 - 40?
67
In base 9, what is 784 + 30?
824
In base 13, what is 19 + 6a4?
6c0
In base 10, what is 75362 + -3?
75359
In base 3, what is -12201 - -11202?
-222
In base 6, what is -1252021 - 2?
-1252023
In base 13, what is -1a1 - 67?
-238
